17 a composite number?
False
Is 1086551 prime?
False
Is 720943 prime?
True
Is 50125561 a prime number?
False
Is 1160941003 a prime number?
False
Is 44256893 a prime number?
True
Is 23089333 a prime number?
True
Is 773977 a prime number?
False
Is 961393 composite?
False
Is 15755779 a composite number?
True
Is 1131923 composite?
True
Is 182292901 composite?
True
Is 1972931 composite?
False
Is 45328637 a composite number?
False
Is 3145001 a prime number?
False
Is 3603715 a prime number?
False
Is 100713913 prime?
False
Is 13192469 a prime number?
True
Is 10858021 prime?
True
Is 2932309 prime?
True
Is 82069579 a prime number?
True
Is 1731860215 composite?
True
Is 7467857 composite?
False
Is 987631 a prime number?
True
Is 15915919 a prime number?
True
Is 306141041 a composite number?
False
Is 44449 a composite number?
False
Is 10598083 a prime number?
False
Is 34665641 prime?
False
Is 28248253 a composite number?
True
Is 1578643 a prime number?
False
Is 293329 prime?
True
Is 7061011 a prime number?
False
Is 51765331 prime?
False
Is 782849161 a prime number?
False
Is 61605101 a composite number?
False
Is 91365451 a prime number?
False
Is 4829693 a composite number?
True
Is 53841943 a composite number?
True
Is 3993923 composite?
True
Is 1449061 composite?
False
Is 2207783 a composite number?
False
Is 501237757 prime?
False
Is 1221421 a composite number?
False
Is 6540041 prime?
False
Is 1622837 a composite number?
True
Is 7597523 a prime number?
False
Is 1164809 a composite number?
True
Is 5536699 a composite number?
True
Is 3496901 a composite number?
False
Is 14135371 a composite number?
False
Is 1453999 composite?
True
Is 6910609 a prime number?
False
Is 89228717 prime?
True
Is 18181729 prime?
True
Is 22696391 composite?
True
Is 7869607 prime?
True
Is 1436369 prime?
False
Is 1048769 composite?
True
Is 4342007 a composite number?
False
Is 11007727 a composite number?
True
Is 20789081 prime?
False
Is 14011373 a composite number?
True
Is 84300301 a prime number?
True
Is 1352177 a composite number?
True
Is 17612669 a composite number?
False
Is 22723123 composite?
True
Is 40159259 a prime number?
False
Is 14977779 prime?
False
Is 137671829 prime?
True
Is 13222959 a prime number?
False
Is 1624117 composite?
True
Is 104951557 a prime number?
False
Is 228698543 composite?
False
Is 2686369 prime?
False
Is 712226 prime?
False
Is 102646147 prime?
True
Is 1721081 prime?
True
Is 65136263 composite?
True
Is 32154043 a composite number?
False
Is 3699841 composite?
False
Is 22313409 a prime number?
False
Is 5780747 a composite number?
True
Is 3373343 composite?
False
Is 12995119 composite?
True
Is 438339311 a composite number?
True
Is 1957981 a prime number?
True
Is 83412803 a prime number?
False
Is 429782359 composite?
False
Is 360577681 a prime number?
True
Is 99494935 a prime number?
False
Is 5664851 composite?
False
Is 205696529 composite?
False
Is 12279247 a composite number?
False
Is 1389749 a prime number?
True
Is 42180071 prime?
False
Is 2052097 a prime number?
True
Is 57842717 composite?
True
Is 137047103 prime?
False
Is 364127299 a prime number?
True
Is 72387817 prime?
True
Is 64188011 a prime number?
False
Is 78246373 prime?
True
Is 17261903 a prime number?
True
Is 368683171 a composite number?
False
Is 209439367 composite?
True
Is 225009427 a prime number?
False
Is 8854979 a prime number?
False
Is 6030301 a prime number?
False
Is 1472059 a composite number?
True
Is 23799701 composite?
False
Is 1296392837 prime?
True
Is 3834377 prime?
True
Is 2166877 a prime number?
True
Is 233603014 composite?
True
Is 111574559 a composite number?
False
Is 208691317 prime?
True
Is 757081189 prime?
False
Is 121919321 composite?
True
Is 111047241 a prime number?
False
Is 760169 composite?
False
Is 64120691 a composite number?
False
Is 54273707 prime?
False
Is 21776473 prime?
False
Is 12839393 prime?
False
Is 1817323 a composite number?
True
Is 26253021 prime?
False
Is 38863703 a prime number?
False
Is 2156603 a prime number?
False
Is 53820469 composite?
True
Is 3135943 composite?
False
Is 2573371 a composite number?
True
Is 7545599 a prime number?
False
Is 77580193 composite?
True
Is 5826991 a prime number?
True
Is 277391 prime?
False
Is 8086129 a prime number?
True
Is 3218911 a prime number?
True
Is 55039823 a prime number?
False
Is 405782441 composite?
True
Is 238813 a composite number?
True
Is 7702759 composite?
True
Is 23166499 a composite number?
True
Is 7124206 composite?
True
Is 29490355 prime?
False
Is 1570519 a composite number?
False
Is 447155221 composite?
True
Is 1182842 a composite number?
True
Is 6756577 composite?
False
Is 4312631 prime?
True
Is 22800581 composite?
True
Is 1072327 a prime number?
True
Is 26742029 composite?
False
Is 136691 prime?
True
Is 827123 a prime number?
False
Is 448913879 a prime number?
False
Is 135025831 composite?
True
Is 11668102 a prime number?
False
Is 29275465 composite?
True
Is 37578323 a composite number?
True
Is 15602711 composite?
False
Is 1139081 prime?
True
Is 14906357 prime?
True
Is 19774273 a composite number?
True
Is 2182157 a composite number?
True
Is 3831167 a prime number?
True
Is 46905451 composite?
False
Is 766484255 a prime number?
False
Is 292897 a composite number?
True
Is 125075581 a composite number?
False
Is 6327869 a composite number?
False
Is 32729629 a composite number?
False
Is 59497589 a composite number?
True
Is 6229843 a composite number?
False
Is 30619 a composite number?
True
Is 99103 a composite number?
False
Is 13401565 a composite number?
True
Is 30532745 a composite number?
True
Is 41016319 a composite number?
False
Is 10463777 a composite number?
False
Is 3775217 composite?
True
Is 60529109 prime?
True
Is 302263053 composite?
True
Is 19055767 a composite number?
False
Is 13758301 a composite number?
True
Is 201781655 a prime number?
False
Is 8144653 a prime number?
False
Is 3421349 prime?
False
Is 9909827 a prime number?
False
Is 17325179 prime?
True
Is 128390345 a composite number?
True
Is 26709037 a prime number?
True
Is 1232485 prime?
False
Is 91397749 a prime number?
False
Is 486433 prime?
True
Is 155405329 a composite number?
False
Is 25807658 a prime number?
False
Is 1521757 composite?
False
Is 17497397 prime?
True
Is 5258959 composite?
False
Is 13723447 composite?
False
Is 27156919 a prime number?
True
Is 142922729 composite?
True
Is 3826703 prime?
True
Is 7646567 a prime number?
True
Is 19021771 composite?
True
Is 5421919 a prime number?
True
Is 270525863 a composite number?
True
Is 1043961 composite?
True
Is 2757923 a composite number?
True
Is 1540127 a composite number?
True
Is 8089303 a composite number?
False
Is 28611997 composite?
True
Is 85427167 a prime number?
False
Is 207794413 a prime number?
True
Is 1521731 a prime number?
True
Is 18526187 composite?
False
Is 15908261 prime?
False
Is 143865179 a composite number?
True
Is 21087353 a composite number?
True
Is 18020027 composite?
False
Is 125803873 a prime number?
False
Is 73415351 a composite number?
False
Is 62295455 composite?
True
Is 214768999 a prime number?
False
Is 2381891 a prime number?
True
Is 177379 a prime number?
True
Is 86562821 a prime number?
True
Is 4602867 composite?
True
Is 13972027 a composite number?
False
Is 2277671 a composite number?
True
Is 181589507 a prime number?
False
Is 26292817 a prime number?
True
Is 2848462 prime?
False
Is 24458626 prime?
False
Is 14723701 a composite number?
True
Is 3905833 prime?
True
Is 92947 composite?
True
Is 42381401 prime?
True
Is 70517627 a composite number?
True
Is 3357937 composite?
True
Is 33989687 a prime number?
True
Is 174066679 a prime number?
True
Is 548576143 a composite number?
False
Is 5635429 a composite number?
False
Is 1302751 a composite number?
True
Is 88428947 prime?
False
Is 116409719 composite?
False
Is 207620683 a prime number?
True
Is 21096487 a composite number?
False
Is 107760139 composite?
False
Is 352180711 composite?
False
Is 56192713 a composite number?
False
Is 82748381 a prime number?
True
Is 1186880417 a composite number?
False
Is 225154667 a prime number?
True
Is 478801 a prime number?
True
Is 14049839 prime?
False
Is 284969 a prime number?
True
Is 924997 a prime number?
True
Is 5062129 a prime number?
False
Is 30393289 composite?
Fals